												{"id":593,"date":"2014-02-28T23:19:24","date_gmt":"2014-02-28T23:19:24","guid":{"rendered":"http:\/\/www.barcelopuntaumbriaevents.com\/wp-content\/uploads\/2014\/02\/ATRIO-III-MONTAJE-PORSCHE-670x210px.jpg"},"modified":"2014-02-28T23:19:24","modified_gmt":"2014-02-28T23:19:24","slug":"atrio-iii-montaje-porsche-670x210px","status":"inherit","type":"attachment","link":"https:\/\/barcelopuntaumbriaevents.com\/es\/atrio-iii-montaje-porsche-670x210px\/","title":{"rendered":"ATRIO III MONTAJE PORSCHE 670x210px"},"author":7,"comment_status":"open","ping_status":"open","template":"","meta":{"ngg_post_thumbnail":0},"yoast_head":"<!-- This site is optimized with the Yoast SEO plugin v17.4 - https:\/\/yoast.com\/wordpress\/plugins\/seo\/ -->\n<title>ATRIO III MONTAJE PORSCHE 670x210px &ndash; Barcel\u00f3 Punta Umbr\u00eda Beach Resort<\/title>\n<meta name=\"robots\" content=\"index, follow, max-snippet:-1, max-image-preview:large, max-video-preview:-1\" \/>\n<link rel=\"canonical\" href=\"https:\/\/barcelopuntaumbriaevents.com\/wp-content\/uploads\/2014\/02\/ATRIO-III-MONTAJE-PORSCHE-670x210px.jpg\" \/>\n<meta property=\"og:locale\" content=\"es_ES\" \/>\n<meta property=\"og:type\" content=\"article\" \/>\n<meta property=\"og:title\" content=\"ATRIO III MONTAJE PORSCHE 670x210px &ndash; Barcel\u00f3 Punta Umbr\u00eda Beach Resort\" \/>\n<meta property=\"og:url\" content=\"https:\/\/barcelopuntaumbriaevents.com\/wp-content\/uploads\/2014\/02\/ATRIO-III-MONTAJE-PORSCHE-670x210px.jpg\" \/>\n<meta property=\"og:site_name\" content=\"Barcel\u00f3 Punta Umbr\u00eda Beach Resort\" \/>\n<meta property=\"og:image\" content=\"https:\/\/barcelopuntaumbriaevents.com\/wp-content\/uploads\/2014\/02\/ATRIO-III-MONTAJE-PORSCHE-670x210px.jpg\" \/>\n\t<meta property=\"og:image:width\" content=\"670\" \/>\n\t<meta property=\"og:image:height\" content=\"210\" \/>\n<script type=\"application\/ld+json\" class=\"yoast-schema-graph\">{\"@context\":\"https:\/\/schema.org\",\"@graph\":[{\"@type\":\"WebSite\",\"@id\":\"https:\/\/barcelopuntaumbriaevents.com\/es\/#website\",\"url\":\"https:\/\/barcelopuntaumbriaevents.com\/es\/\",\"name\":\"Barcel\\u00f3 Punta Umbr\\u00eda Beach Resort\",\"description\":\"Web oficial del Hotel Barcel\\u00f3 Punta Umbr\\u00eda Beach Resort\",\"potentialAction\":[{\"@type\":\"SearchAction\",\"target\":{\"@type\":\"EntryPoint\",\"urlTemplate\":\"https:\/\/barcelopuntaumbriaevents.com\/es\/?s={search_term_string}\"},\"query-input\":\"required name=search_term_string\"}],\"inLanguage\":\"es\"},{\"@type\":\"WebPage\",\"@id\":\"https:\/\/barcelopuntaumbriaevents.com\/wp-content\/uploads\/2014\/02\/ATRIO-III-MONTAJE-PORSCHE-670x210px.jpg#webpage\",\"url\":\"https:\/\/barcelopuntaumbriaevents.com\/wp-content\/uploads\/2014\/02\/ATRIO-III-MONTAJE-PORSCHE-670x210px.jpg\",\"name\":\"ATRIO III MONTAJE PORSCHE 670x210px &ndash; Barcel\\u00f3 Punta Umbr\\u00eda Beach Resort\",\"isPartOf\":{\"@id\":\"https:\/\/barcelopuntaumbriaevents.com\/es\/#website\"},\"datePublished\":\"2014-02-28T23:19:24+00:00\",\"dateModified\":\"2014-02-28T23:19:24+00:00\",\"breadcrumb\":{\"@id\":\"https:\/\/barcelopuntaumbriaevents.com\/wp-content\/uploads\/2014\/02\/ATRIO-III-MONTAJE-PORSCHE-670x210px.jpg#breadcrumb\"},\"inLanguage\":\"es\",\"potentialAction\":[{\"@type\":\"ReadAction\",\"target\":[\"https:\/\/barcelopuntaumbriaevents.com\/wp-content\/uploads\/2014\/02\/ATRIO-III-MONTAJE-PORSCHE-670x210px.jpg\"]}]},{\"@type\":\"BreadcrumbList\",\"@id\":\"https:\/\/barcelopuntaumbriaevents.com\/wp-content\/uploads\/2014\/02\/ATRIO-III-MONTAJE-PORSCHE-670x210px.jpg#breadcrumb\",\"itemListElement\":[{\"@type\":\"ListItem\",\"position\":1,\"name\":\"Home\",\"item\":\"https:\/\/barcelopuntaumbriaevents.com\/es\/\"},{\"@type\":\"ListItem\",\"position\":2,\"name\":\"ATRIO III MONTAJE PORSCHE 670x210px\"}]}]}<\/script>\n<!-- \/ Yoast SEO plugin. -->","yoast_head_json":{"title":"ATRIO III MONTAJE PORSCHE 670x210px &ndash; Barcel\u00f3 Punta Umbr\u00eda Beach Resort","robots":{"index":"index","follow":"follow","max-snippet":"max-snippet:-1","max-image-preview":"max-image-preview:large","max-video-preview":"max-video-preview:-1"},"canonical":"https:\/\/barcelopuntaumbriaevents.com\/wp-content\/uploads\/2014\/02\/ATRIO-III-MONTAJE-PORSCHE-670x210px.jpg","og_locale":"es_ES","og_type":"article","og_title":"ATRIO III MONTAJE PORSCHE 670x210px &ndash; Barcel\u00f3 Punta Umbr\u00eda Beach Resort","og_url":"https:\/\/barcelopuntaumbriaevents.com\/wp-content\/uploads\/2014\/02\/ATRIO-III-MONTAJE-PORSCHE-670x210px.jpg","og_site_name":"Barcel\u00f3 Punta Umbr\u00eda Beach Resort","og_image":[{"width":670,"height":210,"url":"https:\/\/barcelopuntaumbriaevents.com\/wp-content\/uploads\/2014\/02\/ATRIO-III-MONTAJE-PORSCHE-670x210px.jpg","type":"image\/jpeg"}],"schema":{"@context":"https:\/\/schema.org","@graph":[{"@type":"WebSite","@id":"https:\/\/barcelopuntaumbriaevents.com\/es\/#website","url":"https:\/\/barcelopuntaumbriaevents.com\/es\/","name":"Barcel\u00f3 Punta Umbr\u00eda Beach Resort","description":"Web oficial del Hotel Barcel\u00f3 Punta Umbr\u00eda Beach Resort","potentialAction":[{"@type":"SearchAction","target":{"@type":"EntryPoint","urlTemplate":"https:\/\/barcelopuntaumbriaevents.com\/es\/?s={search_term_string}"},"query-input":"required name=search_term_string"}],"inLanguage":"es"},{"@type":"WebPage","@id":"https:\/\/barcelopuntaumbriaevents.com\/wp-content\/uploads\/2014\/02\/ATRIO-III-MONTAJE-PORSCHE-670x210px.jpg#webpage","url":"https:\/\/barcelopuntaumbriaevents.com\/wp-content\/uploads\/2014\/02\/ATRIO-III-MONTAJE-PORSCHE-670x210px.jpg","name":"ATRIO III MONTAJE PORSCHE 670x210px &ndash; Barcel\u00f3 Punta Umbr\u00eda Beach Resort","isPartOf":{"@id":"https:\/\/barcelopuntaumbriaevents.com\/es\/#website"},"datePublished":"2014-02-28T23:19:24+00:00","dateModified":"2014-02-28T23:19:24+00:00","breadcrumb":{"@id":"https:\/\/barcelopuntaumbriaevents.com\/wp-content\/uploads\/2014\/02\/ATRIO-III-MONTAJE-PORSCHE-670x210px.jpg#breadcrumb"},"inLanguage":"es","potentialAction":[{"@type":"ReadAction","target":["https:\/\/barcelopuntaumbriaevents.com\/wp-content\/uploads\/2014\/02\/ATRIO-III-MONTAJE-PORSCHE-670x210px.jpg"]}]},{"@type":"BreadcrumbList","@id":"https:\/\/barcelopuntaumbriaevents.com\/wp-content\/uploads\/2014\/02\/ATRIO-III-MONTAJE-PORSCHE-670x210px.jpg#breadcrumb","itemListElement":[{"@type":"ListItem","position":1,"name":"Home","item":"https:\/\/barcelopuntaumbriaevents.com\/es\/"},{"@type":"ListItem","position":2,"name":"ATRIO III MONTAJE PORSCHE 670x210px"}]}]}},"description":{"rendered":"<p class=\"attachment\"><a href='https:\/\/barcelopuntaumbriaevents.com\/wp-content\/uploads\/2014\/02\/ATRIO-III-MONTAJE-PORSCHE-670x210px.jpg'><img width=\"300\" height=\"94\" src=\"https:\/\/barcelopuntaumbriaevents.com\/wp-content\/uploads\/2014\/02\/ATRIO-III-MONTAJE-PORSCHE-670x210px-300x94.jpg\" class=\"attachment-medium size-medium\" alt=\"\" loading=\"lazy\" srcset=\"https:\/\/barcelopuntaumbriaevents.com\/wp-content\/uploads\/2014\/02\/ATRIO-III-MONTAJE-PORSCHE-670x210px-300x94.jpg 300w, https:\/\/barcelopuntaumbriaevents.com\/wp-content\/uploads\/2014\/02\/ATRIO-III-MONTAJE-PORSCHE-670x210px.jpg 670w\" sizes=\"(max-width: 300px) 100vw, 300px\" \/><\/a><\/p>\n"},"caption":{"rendered":""},"alt_text":"","media_type":"image","mime_type":"image\/jpeg","media_details":{"width":670,"height":210,"file":"2014\/02\/ATRIO-III-MONTAJE-PORSCHE-670x210px.jpg","sizes":{"thumbnail":{"file":"ATRIO-III-MONTAJE-PORSCHE-670x210px-150x150.jpg","width":150,"height":150,"mime_type":"image\/jpeg","source_url":"https:\/\/barcelopuntaumbriaevents.com\/wp-content\/uploads\/2014\/02\/ATRIO-III-MONTAJE-PORSCHE-670x210px-150x150.jpg"},"medium":{"file":"ATRIO-III-MONTAJE-PORSCHE-670x210px-300x94.jpg","width":300,"height":94,"mime_type":"image\/jpeg","source_url":"https:\/\/barcelopuntaumbriaevents.com\/wp-content\/uploads\/2014\/02\/ATRIO-III-MONTAJE-PORSCHE-670x210px-300x94.jpg"},"home-post-thumbnail":{"file":"ATRIO-III-MONTAJE-PORSCHE-670x210px-350x210.jpg","width":350,"height":210,"mime_type":"image\/jpeg","source_url":"https:\/\/barcelopuntaumbriaevents.com\/wp-content\/uploads\/2014\/02\/ATRIO-III-MONTAJE-PORSCHE-670x210px-350x210.jpg"},"post-thumbnail":{"file":"ATRIO-III-MONTAJE-PORSCHE-670x210px-604x210.jpg","width":604,"height":210,"mime_type":"image\/jpeg","source_url":"https:\/\/barcelopuntaumbriaevents.com\/wp-content\/uploads\/2014\/02\/ATRIO-III-MONTAJE-PORSCHE-670x210px-604x210.jpg"},"full":{"file":"ATRIO-III-MONTAJE-PORSCHE-670x210px.jpg","width":670,"height":210,"mime_type":"image\/jpeg","source_url":"https:\/\/barcelopuntaumbriaevents.com\/wp-content\/uploads\/2014\/02\/ATRIO-III-MONTAJE-PORSCHE-670x210px.jpg"}},"image_meta":{"aperture":0,"credit":"unknown","camera":"Canon EOS 400D DIGITAL","caption":"","created_timestamp":1215086456,"copyright":"","focal_length":"0","iso":"200","shutter_speed":"0.4","title":""}},"post":null,"source_url":"https:\/\/barcelopuntaumbriaevents.com\/wp-content\/uploads\/2014\/02\/ATRIO-III-MONTAJE-PORSCHE-670x210px.jpg","_links":{"self":[{"href":"https:\/\/barcelopuntaumbriaevents.com\/es\/wp-json\/wp\/v2\/media\/593"}],"collection":[{"href":"https:\/\/barcelopuntaumbriaevents.com\/es\/wp-json\/wp\/v2\/media"}],"about":[{"href":"https:\/\/barcelopuntaumbriaevents.com\/es\/wp-json\/wp\/v2\/types\/attachment"}],"author":[{"embeddable":true,"href":"https:\/\/barcelopuntaumbriaevents.com\/es\/wp-json\/wp\/v2\/users\/7"}],"replies":[{"embeddable":true,"href":"https:\/\/barcelopuntaumbriaevents.com\/es\/wp-json\/wp\/v2\/comments?post=593"}]}}

<!-- This site is optimized with the Yoast SEO plugin v17.4 - https://yoast.com/wordpress/plugins/seo/ -->
<title>ATRIO III MONTAJE PORSCHE 670x210px &ndash; Barceló Punta Umbría Beach Resort</title>
<meta name="robots" content="index, follow, max-snippet:-1, max-image-preview:large, max-video-preview:-1" />
<link rel="canonical" href="https://barcelopuntaumbriaevents.com/wp-content/uploads/2014/02/ATRIO-III-MONTAJE-PORSCHE-670x210px.jpg" />
<meta property="og:locale" content="es_ES" />
<meta property="og:type" content="article" />
<meta property="og:title" content="ATRIO III MONTAJE PORSCHE 670x210px &ndash; Barceló Punta Umbría Beach Resort" />
<meta property="og:url" content="https://barcelopuntaumbriaevents.com/wp-content/uploads/2014/02/ATRIO-III-MONTAJE-PORSCHE-670x210px.jpg" />
<meta property="og:site_name" content="Barceló Punta Umbría Beach Resort" />
<meta property="og:image" content="https://barcelopuntaumbriaevents.com/wp-content/uploads/2014/02/ATRIO-III-MONTAJE-PORSCHE-670x210px.jpg" />
	<meta property="og:image:width" content="670" />
	<meta property="og:image:height" content="210" />
<script type="application/ld+json" class="yoast-schema-graph">{"@context":"https://schema.org","@graph":[{"@type":"WebSite","@id":"https://barcelopuntaumbriaevents.com/es/#website","url":"https://barcelopuntaumbriaevents.com/es/","name":"Barcel\u00f3 Punta Umbr\u00eda Beach Resort","description":"Web oficial del Hotel Barcel\u00f3 Punta Umbr\u00eda Beach Resort","potentialAction":[{"@type":"SearchAction","target":{"@type":"EntryPoint","urlTemplate":"https://barcelopuntaumbriaevents.com/es/?s={search_term_string}"},"query-input":"required name=search_term_string"}],"inLanguage":"es"},{"@type":"WebPage","@id":"https://barcelopuntaumbriaevents.com/wp-content/uploads/2014/02/ATRIO-III-MONTAJE-PORSCHE-670x210px.jpg#webpage","url":"https://barcelopuntaumbriaevents.com/wp-content/uploads/2014/02/ATRIO-III-MONTAJE-PORSCHE-670x210px.jpg","name":"ATRIO III MONTAJE PORSCHE 670x210px &ndash; Barcel\u00f3 Punta Umbr\u00eda Beach Resort","isPartOf":{"@id":"https://barcelopuntaumbriaevents.com/es/#website"},"datePublished":"2014-02-28T23:19:24+00:00","dateModified":"2014-02-28T23:19:24+00:00","breadcrumb":{"@id":"https://barcelopuntaumbriaevents.com/wp-content/uploads/2014/02/ATRIO-III-MONTAJE-PORSCHE-670x210px.jpg#breadcrumb"},"inLanguage":"es","potentialAction":[{"@type":"ReadAction","target":["https://barcelopuntaumbriaevents.com/wp-content/uploads/2014/02/ATRIO-III-MONTAJE-PORSCHE-670x210px.jpg"]}]},{"@type":"BreadcrumbList","@id":"https://barcelopuntaumbriaevents.com/wp-content/uploads/2014/02/ATRIO-III-MONTAJE-PORSCHE-670x210px.jpg#breadcrumb","itemListElement":[{"@type":"ListItem","position":1,"name":"Home","item":"https://barcelopuntaumbriaevents.com/es/"},{"@type":"ListItem","position":2,"name":"ATRIO III MONTAJE PORSCHE 670x210px"}]}]}</script>
<!-- / Yoast SEO plugin. -->

ATRIO III MONTAJE PORSCHE 670x210px &ndash; Barceló Punta Umbría Beach Resort

Barceló Punta Umbría Beach Resort

Web oficial del Hotel Barceló Punta Umbría Beach Resort
